{"id":134,"date":"2012-12-26T11:44:57","date_gmt":"2012-12-26T09:44:57","guid":{"rendered":"https:\/\/antagonist.info\/?page_id=134"},"modified":"2012-12-26T11:44:57","modified_gmt":"2012-12-26T09:44:57","slug":"szenepunkt-webzine","status":"publish","type":"page","link":"https:\/\/antagonist.info\/?page_id=134","title":{"rendered":"Szenepunkt Webzine"},"content":{"rendered":"<p><strong>Von www.Szenepunkt.de<\/strong><\/p>\n<p><em>In ein paar Tagen ist es soweit: Antagonist servieren uns im Bremer Wehrschlo\u00df ein Abendmahl par excellence. Von rockigem Trash bis s\u00e4gendem Death Metal darf seitens des Bremer Vierers jede Menge kulinarischer Ohrenschmaus erwartet werden. Doc Wahlers sprach mit Bassist Thomas Kattwinkel \u00fcber diverse musikalische Leckereien und w\u00fcrzigen Sound der Extraklasse.<\/em><\/p>\n<p>Frage: Es gibt Euch ja bereits schon 10(?) Jahre. H\u00e4ttet Ihr anfangs gedacht, dass es mal soooo nach vorne losgeht, wie in den letzten, sagen wir, zwei Jahren?<\/p>\n<p>Thomas:So nach vorn geht wie in den letzten 2 Jahren??? Ist wohl ein Witz, oder? \ud83d\ude42 Die Band gibt es nun schon seit \u00fcber 10 Jahren und in der Zeit in der ich dabei bin, hat sich sicher einiges getan, nur dass es in den letzten beiden Jahren f\u00fcr uns extrem nach vorne gegangen ist, kann ich nicht behaupten. Es l\u00e4uft wohl ganz gut, was Gigs und Reaktionen auf diese angeht, genauso wie die Reviews unserer letzten beiden Scheiben und den Zugriff auf unsere Website. Insofern hast du vielleicht Recht, was das \u201enach vorne losgeht\u201c angeht.<\/p>\n<p><em>F:Ihr musstet personell ziemlich harte R\u00fcckschl\u00e4ge einstecken. Glaubt Ihr, dass Euch das erst so richtig geformt hat?<\/em><\/p>\n<p>Thomas: Naja, Line up Wechsel sind immer schei\u00dfe, aber im Prinzip spielen wie in dieser Besetzung nun \u00fcber 7 Jahre. Icke hat die Band vor etwa 2 Jahren verlassen (wenn ich richtig nachgerechnet habe), seitdem hatten wir kurzfristig einen zweiten Gitarristen, das aber eigentlich nur, weil wir ihn kannten, nicht, weil wir wirklich nach Verst\u00e4rkung gesucht haben. Er ist nach kurzer Zeit gegangen, weil ihn die Musik nicht \u201egekickt\u201c hat. So schlimm, dass uns dies geformt hat, war es also nicht, denke ich.<\/p>\n<p><em>F: Ich erinnere mich an Eure Anfangszeit. Damals hat noch Christoph geshoutet und Michi gebasst. Wie ist Michi zum Gesang gekommen? W\u00fcrdest Du sagen, dass es eine Art Umkehrpunkt war?<\/em><\/p>\n<p>Thomas: Kann ich dir wirklich nicht sagen, da dies vor meiner Zeit war. Aber es ist besser, dass Michael nun singt. Haha, soviel kann ich dazu sagen.<\/p>\n<p><em>F: Was k\u00f6nnen die Leute Live von Euch erwarten?<\/em><\/p>\n<p>Thomas: Generell denke ich, eine sehr energiegeladene Show, wenn man den Aussagen der bisherigen Zuschauer glauben kann! \ud83d\ude42 Auf den Gig am Wochenende bezogen: Es gibt 2 \u00bd neue Songs, einen neuen Coversong (wenn der bis dahin noch fertig wird), und nat\u00fcrlich Songs von den letzten beiden Scheiben. Ein Klassiker wird es wahrscheinlich auch ins Programm schaffen. Wir freuen uns schon riesig auf den Auftritt im Wehrschloss, da der letzte Auftritt dort der Hammer war.<\/p>\n<p><em>F: Was haben die Leute generell von Euch in der Zukunft zu erwarten?<\/em><\/p>\n<p>Thomas:Was die Leute in Zukunft von uns erwarten k\u00f6nnen? Wenn wir das mal selber w\u00fc\u00dften!:-)<\/p>\n<p><em>F: Wie wichtig war WACKEN 2002 f\u00fcr Euch?<\/em><\/p>\n<p>Thomas: Die Vorfreude war schon ziemlich gro\u00df, aber der Auftritt als solches war ein eher Durchschnittlicher. Das Rock Hard hat das etwas anders gesehen, und uns tierisch verrissen, aber wat solls&#8230;<br \/>\nDas ganze Drumherum war aber schon sehr interessant, man konnte in alle Bereiche, musste sogar Autogramme geben. So muss sich ein Rockstar f\u00fchlen, haha. Das geilste Andenken an Wacken ist das Wacken-Shirt mit unserem Bandnamen hinten drauf.<\/p>\n<p><em>F: Welchen Stellenwert hat bei Euch das Internet in puncto Vermarktung ?<\/em><\/p>\n<p>Thomas: Das Internet hat uns sicher zum Teil die Bekanntheit verschafft, die wir nun haben. Daher denke ich, dass dies in der heutigen Zeit f\u00fcr Bands unserer Gr\u00f6\u00dfe sehr wichtig ist. Allerdings haben wir \u00fcber unsere Website kaum was verkauft, das meiste geht bei Konzerten weg. \u00dcbrigens, es wird mit 90 %er Sicherheit Antagonist-Shirts beim Auftritt am 28.02. im Wehrschloss geben, also genug Geld mitbringen!:-)<\/p>\n<p><em>F: Was plant Ihr f\u00fcr die Zukunft?<\/em><\/p>\n<p>Thomas: Geplant ist eine neue CD, dazu kann ich aber nichts genaueres sagen, weil dazu noch ein paar Songs fehlen. Dann wollten wir schon l\u00e4nger mal Bilder und Live-Mitschnitte auf eine DVD packen, aber auch da kann ich dir keine Daten nennen. Es stehen f\u00fcr dieses Jahr auch schon ein paar Gigs, dass kann ich dir sagen.<br \/>\nIch hoffe, dass wir im Wehrschloss richtig viel Spa\u00df mit den Leuten haben werden! Wir bedanken uns auf jeden Fall f\u00fcr die bis jetzt immer sehr geilen Resonanzen nach unseren Gigs und f\u00fcr dieses Interview<\/p>\n<p><em>Szenepunkt bedankt sich ebenfalls f\u00fcr das Gespr\u00e4ch und die gute Zusammenarbeit<\/em><\/p>\n","protected":false},"excerpt":{"rendered":"<p>Von www.Szenepunkt.de In ein paar Tagen ist es soweit: Antagonist servieren uns im Bremer Wehrschlo\u00df ein Abendmahl par excellence. Von rockigem Trash bis s\u00e4gendem Death Metal darf seitens des Bremer Vierers jede Menge kulinarischer Ohrenschmaus erwartet werden. Doc Wahlers sprach mit Bassist Thomas Kattwinkel \u00fcber diverse musikalische Leckereien und w\u00fcrzigen Sound der Extraklasse. Frage: Es [&hellip;]<\/p>\n","protected":false},"author":1,"featured_media":0,"parent":119,"menu_order":3,"comment_status":"closed","ping_status":"closed","template":"","meta":{"ngg_post_thumbnail":0,"footnotes":""},"class_list":["post-134","page","type-page","status-publish","hentry"],"_links":{"self":[{"href":"https:\/\/antagonist.info\/index.php?rest_route=\/wp\/v2\/pages\/134","targetHints":{"allow":["GET"]}}],"collection":[{"href":"https:\/\/antagonist.info\/index.php?rest_route=\/wp\/v2\/pages"}],"about":[{"href":"https:\/\/antagonist.info\/index.php?rest_route=\/wp\/v2\/types\/page"}],"author":[{"embeddable":true,"href":"https:\/\/antagonist.info\/index.php?rest_route=\/wp\/v2\/users\/1"}],"replies":[{"embeddable":true,"href":"https:\/\/antagonist.info\/index.php?rest_route=%2Fwp%2Fv2%2Fcomments&post=134"}],"version-history":[{"count":1,"href":"https:\/\/antagonist.info\/index.php?rest_route=\/wp\/v2\/pages\/134\/revisions"}],"predecessor-version":[{"id":135,"href":"https:\/\/antagonist.info\/index.php?rest_route=\/wp\/v2\/pages\/134\/revisions\/135"}],"up":[{"embeddable":true,"href":"https:\/\/antagonist.info\/index.php?rest_route=\/wp\/v2\/pages\/119"}],"wp:attachment":[{"href":"https:\/\/antagonist.info\/index.php?rest_route=%2Fwp%2Fv2%2Fmedia&parent=134"}],"curies":[{"name":"wp","href":"https:\/\/api.w.org\/{rel}","templated":true}]}}